 common divisor of j and 35.
5
Let u = -7 + 68. Suppose 0 = -2*o + 121 - u. Calculate the highest common divisor of o and 90.
30
Let y = -79 - -31. Let x be (-72)/y*230/3. What is the greatest common divisor of x and 46?
23
Let r(c) = -24*c - 52. Let b be r(-3). What is the highest common factor of 76 and b?
4
Let n = -110 + 233. What is the greatest common divisor of 205 and n?
41
Suppose 2*c + 5*w - 145 = 0, 4*c + 11*w - 7*w = 272. What is the highest common factor of 325 and c?
65
Suppose 0 = 3*l - d + 6, -d - 2 = 3*l + 2*l. Let g be 44/11 + l + 261. Calculate the greatest common factor of 24 and g.
24
Suppose -3*l - l + 2221 = -m, 4*m = l - 544. Let t = l - 388. Calculate the greatest common divisor of t and 21.
21
Let l(v) = 29*v - 15. Let n = -56 - -59. Let r be l(n). Calculate the greatest common divisor of 8 and r.
8
Suppose 27 + 21 = 3*g. Suppose 3*t + 1 = 4*f, -4*f - g = -4*t - 3*f. What is the highest common factor of 35 and t?
5
Suppose -4 = -22*g + 21*g. Suppose -g*v - 4*h + 55 = -h, -2*v = 4*h - 30. Calculate the highest common factor of v and 13.
13
Let t = -190 + 197. Calculate the highest common divisor of t and 77.
7
Suppose -6*g + 2*g = -20. Suppose g*b = 29 + 16. Let x = 13 - b. What is the greatest common factor of 20 and x?
4
Suppose 94*a + 7986 = 105*a. Calculate the highest common factor of 330 and a.
66
Let n = -9 - -113. What is the greatest common factor of n and 40?
8
Suppose -7*t + 2590 = 7*t. Calculate the highest common divisor of 5 and t.
5
Suppose 2*j + 7 = 3*j. Suppose -j*u + 18*u - 231 = 0. Let z = 7 - 0. Calculate the greatest common factor of z and u.
7
Let k be 14/4*32/16. Suppose -q = -k + 2, 3*p = -4*q + 92. Calculate the highest common factor of p and 60.
12
Let z be 186372/930 + 2*(-2)/10. What is the highest common factor of 80 and z?
40
Suppose -64*s - 3 = -65*s. Calculate the highest common divisor of 159 and s.
3
Let n be 12/14*(-14)/(-17 - -15). What is the highest common factor of n and 17?
1
Suppose -5*j + 30 = -0. Let q(p) = -p**3 + 5*p**2 + 9*p - 3. Let y be q(j). What is the greatest common factor of 135 and y?
15
Let m(u) = -u**3 + 8*u**2 - 10*u + 12. Let s be m(4). What is the greatest common factor of s and 36?
36
Suppose -2*h - 7 = -9. Let b be h/((-9)/3 + 4). Let o(t) = 16*t**2 - t + 2. Let p be o(b). What is the greatest common factor of 17 and p?
17
Let t be (82768/(-20))/(-7) + 12/15. What is the greatest common factor of t and 32?
16
Suppose -667 = -5*w + n - 87, 0 = w + 3*n - 116. Calculate the highest common factor of w and 116.
116
Suppose 8 = -2*k - 12. Let g be (0 - k) + 18 + -17. Calculate the greatest common factor of g and 99.
11
Let s(o) = o**2 + 6*o - 12. Let h be s(2). Suppose -h*r + 9 + 31 = -3*a, -r - 5*a + 10 = 0. What is the greatest common factor of r and 15?
5
Let u = 9 + 15. Suppose 4*p - u = 4*d, -5*p + 4*p - 2*d = 0. Suppose 9 = -4*h + 33. Calculate the highest common factor of h and p.
2
Let f be -2*1 - 620/(-10). Suppose x - f = -2*x. Let k = x + -8. Calculate the greatest common divisor of k and 48.
12
Suppose -6*s + 12 = -0*s. Suppose f + s*f - 6 = 0. What is the highest common divisor of 16 and f?
2
Let z = -50 + -46. Let m = 165 + z. Calculate the greatest common divisor of m and 115.
23
Let s be (-8 - -3)*(-3)/(-5). Let j = 5 + s. Suppose -q + 5*c - 295 = -6*q, -j*c + 298 = 5*q. Calculate the greatest common divisor of q and 20.
20
Let i = -14 - -24. Suppose -3*n - n + 3*s = -117, -4*s = -3*n + 93. Suppose -5*r = 25, 0 = -5*d + r + n - 2. Calculate the greatest common divisor of d and i.
2
Suppose -25*w = -1492 - 1208. What is the greatest common divisor of 702 and w?
54
Let s(w) = 4*w**3 - w**2 - 3*w + 2. Let m be s(2). Suppose -q + 5*o + 52 = 0, -3*q + 355 = o + 135. Calculate the greatest common factor of q and m.
24
Suppose 4*d - 140 = -3*d. Let h = -31 + 81. Calculate the greatest common factor of h and d.
10
Suppose 2*v - 8 = -3*h - h, -4*h + 8 = -2*v. Suppose 9*s + 14 = -h*c + 5*s, 4*c = -s. Calculate the highest common factor of 3 and c.
1
Let o be 62/(-217)*(-849 + 2). What is the highest common factor of 2 and o?
2
Let p = 15 - 11. Suppose 0 = 4*g + p*u - 148, -2*u = -g + u + 29. Suppose -n + 21 = -g. Calculate the greatest common factor of n and 7.
7
Suppose 0 = -14*g - 1957 + 5191. Calculate the highest common factor of g and 616.
77
Suppose 42 - 14 = 7*w. Suppose g - 2 - 23 = -3*x, 0 = 4*g - w*x - 68. Calculate the highest common divisor of g and 19.
19
Suppose 193*b - 189*b - 40 - 56 = 0. Suppose 3*u - 21 = 4*g - 3*g, u - 31 = 3*g. Let r = g - -21. What is the highest common divisor of r and b?
12
Suppose 0 = -22*n + 161 + 59. Calculate the greatest common divisor of 5 and n.
5
Let o(p) = 7*p + 289. Let j be o(41). What is the greatest common factor of j and 72?
72
Suppose -25*r - 210 = -28*r. Suppose -15*q + 18 = -57. What is the greatest common divisor of r and q?
5
Let z = -124 - -179. Let w = z - 44. Calculate the greatest common factor of 77 and w.
11
Suppose 44 = t - 2*t + 3*r, 2*r = 2*t + 96. Let i = -43 - t. Calculate the highest common divisor of 7 and i.
7
Let k = 580 + 296. What is the greatest common divisor of k and 12?
12
Suppose -4*h + 3*q + 13 = 0, -17 + 7 = 2*h + 4*q. Let p(m) = 3*m**3 - m**2 - m + 1. Let b be p(h). What is the greatest common factor of b and 10?
2
Let n = 14 - 5. Let t(b) = 2*b**2 + b - 14. Let m be t(-5). Suppose 6*r + m = 139. What is the highest common factor of n and r?
9
Suppose -3*y + 2*n + 2*n = 23, -5*y + 5 = 2*n. Let q(g) = -18*g - 1. Let v be q(y). What is the greatest common factor of 17 and v?
17
Suppose 0*q = 3*q - 5*x - 7, 0 = -q + 5*x + 19. Let h be 6128/96 + (-1)/q. What is the highest common divisor of 80 and h?
16
Let s(y) = 2*y + 8. Let h be s(-4). Suppose h = -q - 2 + 12. Let z be (-220)/(-6)*12/4. What is the greatest common divisor of z and q?
10
Suppose -4*i - 26*i = -7440. Calculate the highest common factor of i and 31.
31
Let z be (2/4)/((-1)/2). Let v be (1*(0 + -1))/(z/11). What is the highest common factor of 121 and v?
11
Let g be (7 - 2/2) + (-10 - -9). Suppose -4*w - 2*n = -120, -g*w + 0*n + 140 = 5*n. Calculate the greatest common divisor of 96 and w.
32
Let h be 629/6 - ((-34)/(-12) - 3). Let b(k) = -3*k**2 + 2*k + 2. Let j be b(-2). Let a be (j/3)/(4/(-18)). Calculate the highest common divisor of h and a.
21
Let h(k) = 3 + 10 - 5 + 2*k. Let s be h(8). Suppose 31 - 22 = 3*x. Calculate the greatest common factor of x and s.
3
Let z be (3 - 6/3)*1. Let c(p) = -p**3 + 8*p**2 + 15*p + 70. Let i be c(10). Calculate the greatest common factor of i and z.
1
Let f be ((-12)/18)/((-8)/60). What is the highest common factor of f and 5?
5
Let f = 36 - 36. Suppose -3*m + 3*r + 117 = -2*m, -m + 2*r + 116 = f. Calculate the greatest common factor of 38 and m.
38
Suppose 4*y + x = -2*x + 81, 3*x + 3 = 0. What is the highest common factor of y and 28?
7
Let o(m) = -2*m**3 - 5*m**2 - m - 7. Let w be o(-3). What is the highest common divisor of w and 45?
5
Let j be 6/(-2)*132/(-18). What is the greatest common divisor of 319 and j?
11
Let n(c) = -c**2 - 17*c - 12. Let w be n(-13). Suppose 0 = 3*g - 4*g + 12. Let l be (w/g)/((-2)/(-84)). Calculate the greatest common divisor of 20 and l.
20
Suppose -5*l = 8*h - 6*h - 7220, -7*l + 10108 = 3*h. Calculate the greatest common divisor of l and 152.
76
Suppose 50 = -0*v + 5*v. Suppose 2*s - 4*x = 18, -s + 1 = -4*s - x. Calculate the greatest common factor of v and s.
1
Let i = 130 + 419. Calculate the greatest common divisor of 61 and i.
61
Let b = -108 - -314. Suppose 73 = -7*l + b. Calculate the highest common factor of l and 209.
19
Let c = 121 - -95. What is the greatest common factor of 27 and c?
27
Suppose -5*u = -4*k + 70, 2*k + 21 = 3*k - 3*u. Suppose -60 = -4*j + 2*j. What is the greatest common divisor of k and j?
15
Suppose d = 5*y - 51, -3*d + 0*d - 43 = -4*y. Suppose -25 + y = -3*g. Let u be (-12)/9*6/(-4). Calculate the highest common divisor of u and g.
1
Let w = 9 - 5. Suppose -3*z = -2*q - 1, 3*q - 7*q - 23 = z. Let a be (0 - (2 + -43)) + 5/q. What is the greatest common divisor of w and a?
4
Let w(x) = 9*x + 39. Let t be w(9). Let h(s) = 24*s**2. Let q be h(1). What is the greatest common factor of t and q?
24
Let i(w) = 4*w -